{"id":2256,"date":"2023-04-28T15:03:18","date_gmt":"2023-04-28T13:03:18","guid":{"rendered":"http:\/\/nikitsch.gv.at\/hr\/?page_id=2256"},"modified":"2023-06-05T15:46:52","modified_gmt":"2023-06-05T13:46:52","slug":"bildungseinrichtungen","status":"publish","type":"page","link":"https:\/\/nikitsch.gv.at\/hr\/bildungseinrichtungen\/","title":{"rendered":"Bildungseinrichtungen"},"content":{"rendered":"\n<p>2 Volksschulen und 2 Kinderg\u00e4rten bieten den j\u00fcngsten Nikitschern ein umfangreiches mehrsprachiges Bildungsangebot.<br>Za izobrazbu najmladjih stanovnikov postoju u op\u0107ini File\u017e dvi osnovne \u0161kole kot i dvi \u010duvarnice.<\/p>\n\n\n\n<h4 class=\"wp-block-heading\"><img loading=\"lazy\" decoding=\"async\" width=\"150\" height=\"152\" class=\"wp-image-2258\" style=\"width: 150px;\" src=\"http:\/\/nikitsch.gv.at\/hr\/wp-content\/uploads\/sites\/3\/2023\/04\/logo_os_cuvarnica_filez.png\" alt=\"\"> Volksschule Nikitsch \/ osnovna \u0161kola File\u017e<\/h4>\n\n\n\n<p>Zweisprachige zweiklassige Volksschule mit Integration und schulischer Ganztagsbetreuung<br>Dvojezi\u010dna dvorazredna osnovna \u0161kola integracijom i otpodnevim podvaranjem<\/p>\n\n\n\n<figure class=\"wp-block-table is-style-stripes\"><table><tbody><tr><td style=\"width: 300px\">Adresse \/ adresa<\/td><td>7302 Nikitsch \/ File\u017e<br>Hauptstra\u00dfe \/ Glavna cesta 101<\/td><\/tr><tr><td>Kontakt<\/td><td>tel: +43 2614 8290<br>email: vs.nikitsch (at) bildungsserver.com<\/td><\/tr><tr><td>Direktor<\/td><td>Dipl. P\u00e4d. Peter Schweiger, BEd<\/td><\/tr><\/tbody><\/table><\/figure>\n\n\n\n<h4 class=\"wp-block-heading\"><img loading=\"lazy\" decoding=\"async\" width=\"150\" height=\"81\" class=\"wp-image-2259\" style=\"width: 150px;\" src=\"http:\/\/nikitsch.gv.at\/hr\/wp-content\/uploads\/sites\/3\/2023\/04\/logo_os_mjenovo.png\" alt=\"\"> Volksschule Kr. Minihof \/ osnovna \u0161kola Mjenovo<\/h4>\n\n\n\n<p>Zweisprachige einklassige Volksschule<br>Dvojezi\u010dna jednorazredna osnovna \u0161kola<\/p>\n\n\n\n<figure class=\"wp-block-table is-style-stripes\"><table><tbody><tr><td style=\"width: 300px\">Adresse \/ adresa<\/td><td>7302 Kr. Minihof \/ Mjenovo<br>Kirchenplatz \/ Kod crikve 17<\/td><\/tr><tr><td>Kontakt<\/td><td>tel: +43 2614 8232<br>email: vs.kroatischminihof (at) bildungsserver.com<\/td><\/tr><tr><td>Direktor<\/td><td>Dipl. P\u00e4d. Peter Schweiger, BEd<\/td><\/tr><\/tbody><\/table><\/figure>\n\n\n\n<h4 class=\"wp-block-heading\"><a><\/a>Kinderg\u00e4rten \/ \u010duvarnice<\/h4>\n\n\n\n<figure class=\"wp-block-table is-style-stripes\"><table><tbody><tr><td style=\"width: 300px\">Mehrsprachige alterserweiterte<br>Kindergartengruppe<\/td><td>Nikitsch, Hauptstra\u00dfe 101<\/td><td>+43 2614 21226<br>kdg.nikitsch@aon.at<\/td><\/tr><tr><td>&nbsp;<\/td><td><b>Leitung:<\/b> Madeleine Stehlik<br><b>Kindergartenp\u00e4dagogin:<\/b> Denise Widlhofer, Sophie Kuzmits, Maria Domnanovich und Klara Palatin<br><b>Kindergartenhelferin:<\/b> Balogh Natascha und Szidanits Anett<\/td><td><b>Montag-Donnerstag:<\/b> 07:00-17:00<br><b>Freitag:<\/b> 07:00-15:00<\/td><\/tr><tr><td>Kindergarten Kr. Minihof<\/td><td>Kr. Minihof, Kirchenplatz 17<\/td><td>+43 2614 21227<br>kindergarten.krminihof@aon.at<\/td><\/tr><tr><td>&nbsp;<\/td><td><b>Leitung:<\/b> Mag. Daniela Palatin-Janji\u0107<br><b>Kindergartenp\u00e4dagogin:<\/b> Madeleine Stehlik und Daniela Reumann<\/td><td><b>Montag-Mittwoch:<\/b>07:45-16:00<br><b>Donnerstag:<\/b> 07:45-15:00<br><b>Freitag:<\/b> 07:45-12:00<\/td><\/tr><\/tbody><\/table><\/figure>\n","protected":false},"excerpt":{"rendered":"<p>2 Volksschulen und 2 Kinderg\u00e4rten bieten den j\u00fcngsten Nikitschern ein umfangreiches mehrsprachiges Bildungsangebot.Za izobrazbu najmladjih stanovnikov postoju u op\u0107ini File\u017e dvi osnovne \u0161kole kot i dvi \u010duvarnice. Volksschule Nikitsch \/ osnovna \u0161kola File\u017e Zweisprachige zweiklassige Volksschule mit Integration und schulischer GanztagsbetreuungDvojezi\u010dna dvorazredna osnovna \u0161kola integracijom i otpodnevim podvaranjem Adresse \/ adresa 7302 Nikitsch \/ File\u017eHauptstra\u00dfe [&hellip;]<\/p>\n","protected":false},"author":3,"featured_media":0,"parent":0,"menu_order":0,"comment_status":"closed","ping_status":"closed","template":"","meta":{"footnotes":""},"class_list":["post-2256","page","type-page","status-publish","hentry"],"_links":{"self":[{"href":"https:\/\/nikitsch.gv.at\/hr\/wp-json\/wp\/v2\/pages\/2256","targetHints":{"allow":["GET"]}}],"collection":[{"href":"https:\/\/nikitsch.gv.at\/hr\/wp-json\/wp\/v2\/pages"}],"about":[{"href":"https:\/\/nikitsch.gv.at\/hr\/wp-json\/wp\/v2\/types\/page"}],"author":[{"embeddable":true,"href":"https:\/\/nikitsch.gv.at\/hr\/wp-json\/wp\/v2\/users\/3"}],"replies":[{"embeddable":true,"href":"https:\/\/nikitsch.gv.at\/hr\/wp-json\/wp\/v2\/comments?post=2256"}],"version-history":[{"count":14,"href":"https:\/\/nikitsch.gv.at\/hr\/wp-json\/wp\/v2\/pages\/2256\/revisions"}],"predecessor-version":[{"id":2493,"href":"https:\/\/nikitsch.gv.at\/hr\/wp-json\/wp\/v2\/pages\/2256\/revisions\/2493"}],"wp:attachment":[{"href":"https:\/\/nikitsch.gv.at\/hr\/wp-json\/wp\/v2\/media?parent=2256"}],"curies":[{"name":"wp","href":"https:\/\/api.w.org\/{rel}","templated":true}]}}

<p>2 Volksschulen und 2 Kindergärten bieten den jüngsten Nikitschern ein umfangreiches mehrsprachiges Bildungsangebot.<br>Za izobrazbu najmladjih stanovnikov postoju u općini Filež dvi osnovne škole kot i dvi čuvarnice.</p>



<h4 class="wp-block-heading"><img loading="lazy" decoding="async" width="150" height="152" class="wp-image-2258" style="width: 150px;" src="http://nikitsch.gv.at/hr/wp-content/uploads/sites/3/2023/04/logo_os_cuvarnica_filez.png" alt=""> Volksschule Nikitsch / osnovna škola Filež</h4>



<p>Zweisprachige zweiklassige Volksschule mit Integration und schulischer Ganztagsbetreuung<br>Dvojezična dvorazredna osnovna škola integracijom i otpodnevim podvaranjem</p>



<figure class="wp-block-table is-style-stripes"><table><tbody><tr><td style="width: 300px">Adresse / adresa</td><td>7302 Nikitsch / Filež<br>Hauptstraße / Glavna cesta 101</td></tr><tr><td>Kontakt</td><td>tel: +43 2614 8290<br>email: vs.nikitsch (at) bildungsserver.com</td></tr><tr><td>Direktor</td><td>Dipl. Päd. Peter Schweiger, BEd</td></tr></tbody></table></figure>



<h4 class="wp-block-heading"><img loading="lazy" decoding="async" width="150" height="81" class="wp-image-2259" style="width: 150px;" src="http://nikitsch.gv.at/hr/wp-content/uploads/sites/3/2023/04/logo_os_mjenovo.png" alt=""> Volksschule Kr. Minihof / osnovna škola Mjenovo</h4>



<p>Zweisprachige einklassige Volksschule<br>Dvojezična jednorazredna osnovna škola</p>



<figure class="wp-block-table is-style-stripes"><table><tbody><tr><td style="width: 300px">Adresse / adresa</td><td>7302 Kr. Minihof / Mjenovo<br>Kirchenplatz / Kod crikve 17</td></tr><tr><td>Kontakt</td><td>tel: +43 2614 8232<br>email: vs.kroatischminihof (at) bildungsserver.com</td></tr><tr><td>Direktor</td><td>Dipl. Päd. Peter Schweiger, BEd</td></tr></tbody></table></figure>



<h4 class="wp-block-heading"><a></a>Kindergärten / čuvarnice</h4>



<figure class="wp-block-table is-style-stripes"><table><tbody><tr><td style="width: 300px">Mehrsprachige alterserweiterte<br>Kindergartengruppe</td><td>Nikitsch, Hauptstraße 101</td><td>+43 2614 21226<br>kdg.nikitsch@aon.at</td></tr><tr><td>&nbsp;</td><td><b>Leitung:</b> Madeleine Stehlik<br><b>Kindergartenpädagogin:</b> Denise Widlhofer, Sophie Kuzmits, Maria Domnanovich und Klara Palatin<br><b>Kindergartenhelferin:</b> Balogh Natascha und Szidanits Anett</td><td><b>Montag-Donnerstag:</b> 07:00-17:00<br><b>Freitag:</b> 07:00-15:00</td></tr><tr><td>Kindergarten Kr. Minihof</td><td>Kr. Minihof, Kirchenplatz 17</td><td>+43 2614 21227<br>kindergarten.krminihof@aon.at</td></tr><tr><td>&nbsp;</td><td><b>Leitung:</b> Mag. Daniela Palatin-Janjić<br><b>Kindergartenpädagogin:</b> Madeleine Stehlik und Daniela Reumann</td><td><b>Montag-Mittwoch:</b>07:45-16:00<br><b>Donnerstag:</b> 07:45-15:00<br><b>Freitag:</b> 07:45-12:00</td></tr></tbody></table></figure>

<p>2 Volksschulen und 2 Kindergärten bieten den jüngsten Nikitschern ein umfangreiches mehrsprachiges Bildungsangebot.Za izobrazbu najmladjih stanovnikov postoju u općini Filež dvi osnovne škole kot i dvi čuvarnice. Volksschule Nikitsch / osnovna škola Filež Zweisprachige zweiklassige Volksschule mit Integration und schulischer GanztagsbetreuungDvojezična dvorazredna osnovna škola integracijom i otpodnevim podvaranjem Adresse / adresa 7302 Nikitsch / FiležHauptstraße [&hellip;]</p>
