{"id":2247,"date":"2023-04-28T14:59:12","date_gmt":"2023-04-28T12:59:12","guid":{"rendered":"http:\/\/nikitsch.gv.at\/hr\/?page_id=2247"},"modified":"2023-06-16T15:28:48","modified_gmt":"2023-06-16T13:28:48","slug":"vereine","status":"publish","type":"page","link":"https:\/\/nikitsch.gv.at\/hr\/vereine\/","title":{"rendered":"Vereine"},"content":{"rendered":"\n<h2 class=\"wp-block-heading\">Nikitsch \/ File\u017e<\/h2>\n\n\n\n<figure class=\"wp-block-table is-style-stripes\"><table><tbody><tr><td style=\"width: 300px\"><b>Verein \/ dru\u0161tvo<\/b><\/td><td><b>Obmann\/Obfrau \/ predsjednik<\/b><\/td><\/tr><tr><td><strong>SC Nikitsch<\/strong><br> SC File\u017e<\/td><td>Johann Balogh<br>7302 Nikitsch, Mittelgasse 6<\/td><\/tr><tr><td><strong>FF Nikitsch<\/strong><br>Ognjobransko dru\u0161tvo File\u017e<\/td><td>Kdt. Andreas Weigl<br>7302 Nikitsch, Mittelgasse 1\/5<\/td><\/tr><tr><td>Folklorno dru\u0161tvo <strong>Grani\u010dari<\/strong><br>Folkloregruppe Grani\u010dari<\/td><td>Sarah Tomisch<br>7302 Nikitsch, Bachweg 2<br><a href=\"https:\/\/www.granicari.com\" target=\"_blank\" rel=\"noopener\">www.granicari.com<\/a><\/td><\/tr>\n<tr><td><strong>Kazali\u0161na grupa<\/strong> File\u017e<br>Theatergruppe Nikitsch<\/td><td>Stefan Buzanich<br>7302 Nikitsch, Tannengasse 11<\/td><\/tr>\n<tr><td>Tennis-Club Nikitsch<br><strong>TC Nikitsch<\/strong><\/td><td>Christian Prandler<br>7302 Nikitsch, Fischerried 32<\/td><\/tr>\n<tr><td>Jugend Nikitsch<br><strong>Mladina<\/strong> File\u017e<\/td><td>Lukas Mikacs<br>7302 Nikitsch, Hauptstra\u00dfe 16<\/td><\/tr>\n<tr><td><strong>Mu\u0161ki zbor<\/strong> File\u017e<br>M\u00e4nnergesangsverein<\/td><td>Peter Schweiger\/Peter Palatin<br>7302 Nikitsch, Hauptstra\u00dfe 98 + 100<\/td><\/tr>\n<tr><td><strong>Pensionistenverband<\/strong><\/td><td>Otto Eva<br>7302 Kr. Minihof, Sackgasse 15<\/td><\/tr>\n<tr><td>Literarno i kulturno dru\u0161tvo <strong>LIKUD<\/strong><br>Literatur- und Kulturverein der<br>Gemeindeb\u00fccherei Nikitsch<\/td><td>Alfred V\u00f6r\u00f6s<br>7302 Nikitsch, Hauptstra\u00dfe 75<\/td><\/tr>\n<tr><td><strong>Kinderfreunde Nikitsch<\/strong><\/td><td>Manuela Sch\u00f6nauer<br>7302 Nikitsch, Berggasse 23<\/td><\/tr>\n<tr><td><strong>Okoli\u0161 File\u017e<\/strong><\/td><td>Madeleine Schreiber<br>7302 Nikitsch, Waldweg 9<\/td><\/tr>\n<\/tbody><\/table><\/figure>\n\n\n\n<h2 class=\"wp-block-heading\">Kr. Minihof \/ Mjenovo<\/h2>\n\n\n\n<figure class=\"wp-block-table is-style-stripes\"><table><tbody><tr><td style=\"width: 300px\"><b>Verein \/ dru\u0161tvo<\/b><\/td><td><b>Obmann\/Obfrau \/ predsjednik<\/b><\/td><\/tr><tr><td><strong>SC Kr. Minihof<\/strong><br>SC Mjenovo<\/td><td>Mag. Norbert Darabos<br>7302 Kr. Minihof, Hanf\u00e4cker 3<br><a href=\"http:\/\/www.mjenovo.at\" target=\"_blank\" rel=\"noopener\">www.mjenovo.at<\/a><\/td><\/tr><tr><td><strong>UTC Kr. Minihof<\/strong><\/td><td>Dominik Grainer<br>7302 Kr. Minihof, Promenadegasse 27<br>tel: 0680 \/ 303 16 96<\/td><\/tr><tr><td><strong>FF Kroat. Minihof<\/strong><br>Ognjobransko dru\u0161tvo Mjenovo<\/td><td>Kdt. Thomas Buzanich<br>7302 Kr. Minihof, Hauptstra\u00dfe 62<br>tel: 0664 \/ 407 80 20<\/td><\/tr><tr><td><strong>Fremdenverkehrs- u. Versch\u00f6nerungsverein<\/strong><br>Kr. Minihof<\/td><td>Peter Buzanich<br>7302 Kr. Minihof, Hauptstra\u00dfe 77<br>tel: 0650 \/ 590 72 87<\/td><\/tr><tr><td><strong>Mlada inicijativa Mjenovo<\/strong><br>Junge Initiative Kroatisch Minihof<\/td><td>Anna Maria Zvonarich<br>7302 Kr. Minihof, Augasse 6<br><a href=\"https:\/\/www.mjenovo.com\" target=\"_blank\" rel=\"noopener\">www.mjenovo.com<\/a><\/td><\/tr>\n<tr><td><strong>Sparverein Kr. Minihof<\/strong><br><\/td><td>Felix Prikoszovits<br>7302 Kr. Minihof, Hauptstra\u00dfe 41<br>0676 \/ 441 20 29<\/td><\/tr>\n<\/tbody><\/table><\/figure>\n\n\n\n<h2 class=\"wp-block-heading\">Kr. Geresdorf \/ Geri\u0161tof<\/h2>\n\n\n\n<figure class=\"wp-block-table is-style-stripes\"><table><tbody><tr><td style=\"width: 300px\"><b>Verein \/ dru\u0161tvo<\/b><\/td><td><b>Obmann\/Obfrau \/ predsjednik<\/b><\/td><\/tr><tr><td><strong>SC Kr. Geresdorf<\/strong><br>SC Geri\u0161tof<\/td><td>Christoph Biricz<br>7361 Kr. Geresdorf, Waldgasse 12<\/td><\/tr><tr><td><strong>FF Kr. Geresdorf<\/strong><br>Ognjobransko dru\u0161tvo Geri\u0161tof<\/td><td>Kdt. Thomas Glavanits<br>7361 Kr. Geresdorf, Hauptstra\u00dfe 2<br>tel: 0664 \/ 464 74 06<\/td><\/tr><tr><td><strong>Fremdenverkehrs- und Versch\u00f6nerungsverein<\/strong><br>Kroat. Geresdorf<\/td><td>Silvia Klemen<br>7361 Kr. Geresdorf, Am Steig 7<\/td><\/tr><tr><td><strong>Zelenjaki<\/strong> Tamburasko i jackarno drustvo<br>Tamburica- und Gesangsverein<\/td><td>Raphaela Kuzmits<br>7361 Kr. Geresdorf, Hauptstra\u00dfe 8<\/td><\/tr><tr><td><strong>Mladina<\/strong> Geri\u0161tof<\/td><td>Fabian Buranits<br>7361 Kroatisch Geresdorf, Obere Gasse 14<\/td><\/tr><tr><td><strong>Klapa Staro vino<\/strong><\/td><td>Franz Jambrich<br>7302 Kr. Minihof, Hanf\u00e4cker 22<\/td><\/tr><\/tbody><\/table><\/figure>\n","protected":false},"excerpt":{"rendered":"<p>Nikitsch \/ File\u017e Verein \/ dru\u0161tvo Obmann\/Obfrau \/ predsjednik SC Nikitsch SC File\u017e Johann Balogh7302 Nikitsch, Mittelgasse 6 FF NikitschOgnjobransko dru\u0161tvo File\u017e Kdt. Andreas Weigl7302 Nikitsch, Mittelgasse 1\/5 Folklorno dru\u0161tvo Grani\u010dariFolkloregruppe Grani\u010dari Sarah Tomisch7302 Nikitsch, Bachweg 2www.granicari.com Kazali\u0161na grupa File\u017eTheatergruppe Nikitsch Stefan Buzanich7302 Nikitsch, Tannengasse 11 Tennis-Club NikitschTC Nikitsch Christian Prandler7302 Nikitsch, Fischerried 32 Jugend [&hellip;]<\/p>\n","protected":false},"author":3,"featured_media":0,"parent":0,"menu_order":0,"comment_status":"closed","ping_status":"closed","template":"","meta":{"footnotes":""},"class_list":["post-2247","page","type-page","status-publish","hentry"],"_links":{"self":[{"href":"https:\/\/nikitsch.gv.at\/hr\/wp-json\/wp\/v2\/pages\/2247","targetHints":{"allow":["GET"]}}],"collection":[{"href":"https:\/\/nikitsch.gv.at\/hr\/wp-json\/wp\/v2\/pages"}],"about":[{"href":"https:\/\/nikitsch.gv.at\/hr\/wp-json\/wp\/v2\/types\/page"}],"author":[{"embeddable":true,"href":"https:\/\/nikitsch.gv.at\/hr\/wp-json\/wp\/v2\/users\/3"}],"replies":[{"embeddable":true,"href":"https:\/\/nikitsch.gv.at\/hr\/wp-json\/wp\/v2\/comments?post=2247"}],"version-history":[{"count":50,"href":"https:\/\/nikitsch.gv.at\/hr\/wp-json\/wp\/v2\/pages\/2247\/revisions"}],"predecessor-version":[{"id":2603,"href":"https:\/\/nikitsch.gv.at\/hr\/wp-json\/wp\/v2\/pages\/2247\/revisions\/2603"}],"wp:attachment":[{"href":"https:\/\/nikitsch.gv.at\/hr\/wp-json\/wp\/v2\/media?parent=2247"}],"curies":[{"name":"wp","href":"https:\/\/api.w.org\/{rel}","templated":true}]}}

<h2 class="wp-block-heading">Nikitsch / Filež</h2>



<figure class="wp-block-table is-style-stripes"><table><tbody><tr><td style="width: 300px"><b>Verein / društvo</b></td><td><b>Obmann/Obfrau / predsjednik</b></td></tr><tr><td><strong>SC Nikitsch</strong><br> SC Filež</td><td>Johann Balogh<br>7302 Nikitsch, Mittelgasse 6</td></tr><tr><td><strong>FF Nikitsch</strong><br>Ognjobransko društvo Filež</td><td>Kdt. Andreas Weigl<br>7302 Nikitsch, Mittelgasse 1/5</td></tr><tr><td>Folklorno društvo <strong>Graničari</strong><br>Folkloregruppe Graničari</td><td>Sarah Tomisch<br>7302 Nikitsch, Bachweg 2<br><a href="https://www.granicari.com" target="_blank" rel="noopener">www.granicari.com</a></td></tr>
<tr><td><strong>Kazališna grupa</strong> Filež<br>Theatergruppe Nikitsch</td><td>Stefan Buzanich<br>7302 Nikitsch, Tannengasse 11</td></tr>
<tr><td>Tennis-Club Nikitsch<br><strong>TC Nikitsch</strong></td><td>Christian Prandler<br>7302 Nikitsch, Fischerried 32</td></tr>
<tr><td>Jugend Nikitsch<br><strong>Mladina</strong> Filež</td><td>Lukas Mikacs<br>7302 Nikitsch, Hauptstraße 16</td></tr>
<tr><td><strong>Muški zbor</strong> Filež<br>Männergesangsverein</td><td>Peter Schweiger/Peter Palatin<br>7302 Nikitsch, Hauptstraße 98 + 100</td></tr>
<tr><td><strong>Pensionistenverband</strong></td><td>Otto Eva<br>7302 Kr. Minihof, Sackgasse 15</td></tr>
<tr><td>Literarno i kulturno društvo <strong>LIKUD</strong><br>Literatur- und Kulturverein der<br>Gemeindebücherei Nikitsch</td><td>Alfred Vörös<br>7302 Nikitsch, Hauptstraße 75</td></tr>
<tr><td><strong>Kinderfreunde Nikitsch</strong></td><td>Manuela Schönauer<br>7302 Nikitsch, Berggasse 23</td></tr>
<tr><td><strong>Okoliš Filež</strong></td><td>Madeleine Schreiber<br>7302 Nikitsch, Waldweg 9</td></tr>
</tbody></table></figure>



<h2 class="wp-block-heading">Kr. Minihof / Mjenovo</h2>



<figure class="wp-block-table is-style-stripes"><table><tbody><tr><td style="width: 300px"><b>Verein / društvo</b></td><td><b>Obmann/Obfrau / predsjednik</b></td></tr><tr><td><strong>SC Kr. Minihof</strong><br>SC Mjenovo</td><td>Mag. Norbert Darabos<br>7302 Kr. Minihof, Hanfäcker 3<br><a href="http://www.mjenovo.at" target="_blank" rel="noopener">www.mjenovo.at</a></td></tr><tr><td><strong>UTC Kr. Minihof</strong></td><td>Dominik Grainer<br>7302 Kr. Minihof, Promenadegasse 27<br>tel: 0680 / 303 16 96</td></tr><tr><td><strong>FF Kroat. Minihof</strong><br>Ognjobransko društvo Mjenovo</td><td>Kdt. Thomas Buzanich<br>7302 Kr. Minihof, Hauptstraße 62<br>tel: 0664 / 407 80 20</td></tr><tr><td><strong>Fremdenverkehrs- u. Verschönerungsverein</strong><br>Kr. Minihof</td><td>Peter Buzanich<br>7302 Kr. Minihof, Hauptstraße 77<br>tel: 0650 / 590 72 87</td></tr><tr><td><strong>Mlada inicijativa Mjenovo</strong><br>Junge Initiative Kroatisch Minihof</td><td>Anna Maria Zvonarich<br>7302 Kr. Minihof, Augasse 6<br><a href="https://www.mjenovo.com" target="_blank" rel="noopener">www.mjenovo.com</a></td></tr>
<tr><td><strong>Sparverein Kr. Minihof</strong><br></td><td>Felix Prikoszovits<br>7302 Kr. Minihof, Hauptstraße 41<br>0676 / 441 20 29</td></tr>
</tbody></table></figure>



<h2 class="wp-block-heading">Kr. Geresdorf / Gerištof</h2>



<figure class="wp-block-table is-style-stripes"><table><tbody><tr><td style="width: 300px"><b>Verein / društvo</b></td><td><b>Obmann/Obfrau / predsjednik</b></td></tr><tr><td><strong>SC Kr. Geresdorf</strong><br>SC Gerištof</td><td>Christoph Biricz<br>7361 Kr. Geresdorf, Waldgasse 12</td></tr><tr><td><strong>FF Kr. Geresdorf</strong><br>Ognjobransko društvo Gerištof</td><td>Kdt. Thomas Glavanits<br>7361 Kr. Geresdorf, Hauptstraße 2<br>tel: 0664 / 464 74 06</td></tr><tr><td><strong>Fremdenverkehrs- und Verschönerungsverein</strong><br>Kroat. Geresdorf</td><td>Silvia Klemen<br>7361 Kr. Geresdorf, Am Steig 7</td></tr><tr><td><strong>Zelenjaki</strong> Tamburasko i jackarno drustvo<br>Tamburica- und Gesangsverein</td><td>Raphaela Kuzmits<br>7361 Kr. Geresdorf, Hauptstraße 8</td></tr><tr><td><strong>Mladina</strong> Gerištof</td><td>Fabian Buranits<br>7361 Kroatisch Geresdorf, Obere Gasse 14</td></tr><tr><td><strong>Klapa Staro vino</strong></td><td>Franz Jambrich<br>7302 Kr. Minihof, Hanfäcker 22</td></tr></tbody></table></figure>

<p>Nikitsch / Filež Verein / društvo Obmann/Obfrau / predsjednik SC Nikitsch SC Filež Johann Balogh7302 Nikitsch, Mittelgasse 6 FF NikitschOgnjobransko društvo Filež Kdt. Andreas Weigl7302 Nikitsch, Mittelgasse 1/5 Folklorno društvo GraničariFolkloregruppe Graničari Sarah Tomisch7302 Nikitsch, Bachweg 2www.granicari.com Kazališna grupa FiležTheatergruppe Nikitsch Stefan Buzanich7302 Nikitsch, Tannengasse 11 Tennis-Club NikitschTC Nikitsch Christian Prandler7302 Nikitsch, Fischerried 32 Jugend [&hellip;]</p>
